 ((-2927)/(-5))/((-13)/(-65)) composite?
False
Let d = -6 + -5. Let u(j) = 2*j**2 + 22*j + 4. Is u(d) prime?
False
Suppose 4*r - 34713 = -8033. Suppose -7*z = -36693 + r. Is z prime?
True
Is (-6 + -3 + 6)*(-317)/3 a composite number?
False
Let y(v) = 919*v - 3. Is y(8) a prime number?
True
Suppose -5*n - 4*j - 162 = 72, 0 = -4*j + 16. Let s = 36 + n. Is 158*(s/(-4) + -3) a composite number?
False
Let r = 70 - 38. Let p = r - 2. Suppose -5*u + 2*u = -p. Is u prime?
False
Let v = 9 - 7. Suppose j = v*j - 7. Suppose -c + 38 = j. Is c composite?
False
Let v(i) = -2*i + 21. Let f(g) = g**3 + g**2 - g - 5. Let o be f(-2). Is v(o) prime?
False
Let f = 52 + -24. Suppose -69*g + 79*g = 50. Suppose -2*y + f + 163 = s, g*y - 15 = 0. Is s composite?
True
Suppose -36 = -z - q, 141 = 4*z + q - 0*q. Is 4851/z + 4/10 a prime number?
True
Suppose -2491 = -5*o + 3*j, 4*o = j + 1213 + 777. Is o composite?
True
Suppose 10*s = 8*s - 3*l + 38308, -l - 95787 = -5*s. Is s a composite number?
False
Let p(n) = 10*n**2 - 12*n + 43. Is p(26) prime?
True
Suppose -3*a + t - 1 - 5 = 0, 0 = -5*t. Let n be -323 + 1 + 0 + a. Let r = n - -502. Is r a prime number?
False
Let a be 7 - (1 - -11)/4. Let h(k) = 11*k**3 - 2*k**2 - 3*k + 2. Is h(a) a composite number?
True
Suppose -2*c - 5*s + 118 = -524, 0 = -c + 5*s + 291. Is c prime?
True
Suppose 3*p - 4556 = 817. Suppose 2*r + 209 - p = 0. Is r a composite number?
True
Suppose 2*c - 2 = c. Let z(g) = 2*g**2 + 7*g + 13. Let a be z(-7). Suppose c*v = v + a. Is v composite?
True
Is (16190/30)/(-5 + (-636)/(-126)) composite?
True
Suppose 0 = -5*n + 3*i + 50 + 18, 3*i = -2*n + 23. Suppose -n*d + 10 = -8*d. Suppose -2*z - 3*v + 2458 = d*z, -5*z + 5*v = -3055. Is z a prime number?
True
Suppose 9*v - 10544 = 6*v - h, -2*v - 5*h = -7012. Suppose -5*j = -v + 121. Is j a composite number?
True
Let p be (-12)/66 - 43*(-2066)/11. Suppose 38*o - 26*o - p = 0. Is o a composite number?
False
Let c(n) = 19*n - 11. Let i(f) = f**2 - 6*f + 3. Let p be i(7). Let z be c(p). Suppose o - 4*b - 183 = 0, -o - 5*b + 10*b = -z. Is o a prime number?
True
Let l = 19434 - 11171. Is l a prime number?
True
Let v = 996 + -2229. Let l be (-829 - -1) + (7 - 3). Let u = l - v. Is u a composite number?
False
Let o be ((-5)/(-1) + -7)/(2/(-6)). Suppose 4*r = g - 63, -2*g - 231 = -o*g - 5*r. Is g prime?
True
Let b(v) = -268*v + 2. Let h(l) = -l**3 - 3*l**2 + l + 1. Let w be h(-3). Let u be b(w). Suppose -5*f - 93 = -u. Is f composite?
False
Let l(z) = 10451*z - 24. Is l(1) a prime number?
True
Let g(j) = -j**3 + 6*j**2 - j + 5. Let r(b) = b**2 - 10*b + 5. Let h be r(9). Let q(u) = -u**2. Let n(x) = h*q(x) - g(x). Is n(6) composite?
True
Suppose 6 = 6*s + 42. Is 12/s*(-19)/2 a composite number?
False
Let u be -47*(1 + -2) - -1. Suppose -2*k + 362 = u. Is k prime?
True
Let s = 11 + 2. Suppose 2*t = -r + 15, -3*t - s = 3*r - 43. Suppose -447 = 2*h - t*h. Is h prime?
True
Let l(s) = s**3 - 13*s**2 - 19*s - 20. Let u be l(14). Is ((-14)/(-6))/((-6)/u) a composite number?
True
Suppose 3*z - 36 = -4*j - 9, z + 4 = 3*j. Suppose 8210 - 2609 = j*u. Is u a composite number?
False
Let j(f) = -5*f + 42. Let c be j(0). Is 3/((-21)/(-14368)) + 18/c prime?
True
Suppose 53*s - 146008 = 45*s. Is s composite?
False
Let v(t) = 86*t - 9. Let y be (2/(-6))/((-1)/12). Is v(y) composite?
True
Suppose -4*y + 10 = -f, 2*f - 1 = -5. Suppose -4*b - y*w = 406, 0 = b - 5*b - w - 405. Let i = 84 - b. Is i a composite number?
True
Suppose -4*s + 12 = 2*f + 2, -7 = -s - 2*f. Let b(v) = -v**2 - 1. Let w(r) = 7*r**2 - r + 103. Let n(t) = s*w(t) + 6*b(t). Is n(0) a composite number?
False
Let d(s) be the second derivative of s**5/20 + 13*s**4/12 + 7*s**3/6 + 7*s**2/2 + 8*s. Is d(-6) a composite number?
True
Let d = 418 + -2109. Let w = 2560 + d. Is w composite?
True
Suppose -5*o + 3*o = -2*c - 2, -10 = 2*o. Let l(p) = -106*p - 5. Is l(c) composite?
False
Let o = -90 - -77. Is 2*(-1059)/(-18) + o/(-39) a prime number?
False
Suppose -11424 = -12*o + 19*o. Let l = 871 - o. Is l prime?
True
Let f(l) = 11*l**2 + 7*l - 1. Suppose 4*g + 14 = 3*c, 15 = -5*g - 3*c - 16. Let q be f(g). Suppose -5*x = 5*j - 310, q = 4*x + j - 0*j. Is x composite?
False
Let n be 8 + -3 + 0 + 0 + -3. Suppose n*t = 4*v + 842, 0 = 4*t - 4*v + 6*v - 1664. Is t a prime number?
False
Let f(n) = n**3 + 6*n**2 - 3*n - 13. Let l be f(-6). Suppose d - 1221 = -2*u, -l*d - 5*u = -2283 - 3837. Is d prime?
False
Let d(h) = 1339*h + 378. Is d(29) prime?
True
Let d be 9/(-12) + 30/8. Suppose -3*v + 132 = v. Suppose 3*p = d*m + v + 60, 4*p = -4*m + 140. Is p composite?
True
Is (-16936)/(-9) - 17/(918/(-12)) a composite number?
True
Let n be 12/9*-3 + 6. Suppose -v - 11 = -2*v - 4*i, -3*i + 22 = n*v. Suppose -v*a + 161 = -10*a. Is a a prime number?
False
Let a(j) = -j**3 - 9*j**2 + 7*j - 7. Suppose 4 = s + 14. Let u be a(s). Suppose u*m - 20*m = 435. Is m prime?
False
Suppose 0 = 2*d - 0*d - 16. Let g(q) = 27*q - 5. Is g(d) a composite number?
False
Suppose 5*t + 25 = 0, 5*d - 3784 = 4*t - 654. Is d composite?
True
Let t(v) = -6*v + 16. Let o be t(3). Let k(y) = y**3 - 8*y**2 + 6*y + 1. Let j be k(7). Is (o + -9)*(j + 1) composite?
True
Let n(a) = 20*a**2 + 16*a - 21. Is n(-16) composite?
True
Suppose -3*w + 63980 = 13451. Is w prime?
True
Suppose -18*q = -12*q - 162246. Is q prime?
False
Suppose 3*s + 3*q = 4251, -s = q - 6*q - 1417. Suppose -5*i + 838 = -s. Is i a prime number?
False
Let h(p) be the third derivative of p**5/30 + 7*p**4/12 + p**3/6 + 84*p**2. Let z(q) = -q**3 + 6*q**2 - 6*q - 6. Let s be z(5). Is h(s) prime?
True
Let p be 0/((-2)/(-2)) - -35. Let j be 1/(-4) - p/4. Is (-1052)/(-12)*j/(-3) composite?
False
Let s = 997 + 4114. Is s composite?
True
Is ((-4980023)/(-791))/((-2)/(-14)) a prime number?
True
Let y(j) = -3*j - 7. Let z be y(-3). Is z/3 - 1443/(-9) a prime number?
False
Suppose 69*h - o = 70*h - 14044, 42107 = 3*h - 2*o. Is h composite?
True
Let d(x) = 2*x**3 - 10*x**2 + 3*x + 36. Is d(7) a composite number?
True
Suppose 2*a + 8 = 0, -2*m = -5*a - 2502 - 1282. Is m a prime number?
False
Let j(s) = -s**3 + 13*s**2 - 13*s + 8. Let x be j(8). Let l = -135 + x. Is l composite?
False
Suppose 2*r = -2*x + 5918, -16*r = -20*r - 5*x + 11838. Is r prime?
True
Let t = -62644 - -144303. Is t a prime number?
False
Let q(p) = p + 1. Let a(x) = x**2 + 4*x - 19. Let u(g) = a(g) + 6*q(g). Let j be (2*-6)/(3 - 16/4). Is u(j) a composite number?
False
Let u(j) be the third derivative of -221*j**4/24 + 11*j**3/6 + 19*j**2. Is u(-2) prime?
False
Suppose -u - 2854 = -l, l - 799 = -4*u + 2070. Is l prime?
True
Let q(z) = 12*z - 41. Let v(f) = -48*f + 163. Let a(p) = -9*q(p) - 2*v(p). Is a(-15) composite?
False
Let a = -1 + 10. Let c(b) = 2*b - 21. Let d be c(a). Is d - 1/(1/(-638)) prime?
False
Suppose -h - 2 = -6. Suppose -4*q - o + 3*o + 546 = 0, 0 = 2*q + h*o - 248. Is q prime?
False
Suppose 265 = q - 228. Is q a composite number?
True
Let n = -95 + 154. Is n composite?
False
Let b = 423 - 419. Suppose -3*v + 20044 = v. Suppose -b*u + 3*w + v = 0, -2*u - 5*w + 111 + 2414 = 0. Is u a prime number?
False
Is (-3)/(-2 - ((-27616)/3946 - -5)) prime?
True
Suppose 0 = 3*m - 30831 - 15576. Is m a prime number?
False
Let c = 36060 - 19783. Is c a composite number?
True
Let r = 1977 - 902. Suppose 2*d + 41 = r. Is d prime?
False
Suppose -2*z + 19 - 7 = 0. Let k(m) = -m + 9. Let f be k(z). Suppose -19 = -f*v + 722. Is v composite?
True
Let l(c) = 33*c**2 + 6*c - 11. Let u(b) = -b - 11. Let k be u(-5). Is l(k) prime?
False
Let n = 10 - 12. Let t be (0 - -3)/(n/2). Is t/(-6)*-1*-6 a composite number?
False
Let s be 6/8 - (-2)/8. Suppose -6*r - s = -19. Is (-2)/6 + 1192/r a composite number?
False
Let x(y) be the first derivative of -y**7/840 - y**6/90 - y**5/40 - 5*y**4/24 + 2*y**3/3 + 2. Let m(l) be the third derivative of x(l). Is m(-9) composite?
True
Is (-545589)/(-117) + (-4)/26 a prime number?
True
Let l(c) = -79*c + 64. Let b be l(14). Let s = b - -1820. Is s a composite number?
True
Suppose -5*g + 68357 = -4*p + 19992, 3*g - 4*p = 29019. Is g prime?
False
Is 27 + 2128 + (-1 - -7) a prime number?
True
Let w be (-2 - -3) + 2806 + -2. Let l = w - 1756. Is l composite?
False
Let f = 2 - -1469. Is f a prime number?
True
Suppose -9*r - 47148 = 1056.